{"id":46,"date":"2021-10-25T19:48:17","date_gmt":"2021-10-25T17:48:17","guid":{"rendered":"http:\/\/www.himmelshof.at\/?page_id=46"},"modified":"2025-01-13T12:39:44","modified_gmt":"2025-01-13T11:39:44","slug":"himmelshof-angebote","status":"publish","type":"page","link":"https:\/\/www.himmelshof.at\/?page_id=46","title":{"rendered":"Du am Himmelshof"},"content":{"rendered":"\n<p class=\"has-text-align-left\"><strong>Himmlische Auszeit<\/strong> <strong>mit Familie oder Freunden<\/strong> \ud83d\udc68\u200d\ud83d\udc67\ud83d\udc11<\/p>\n\n\n\n<p>\u2022 Alpaka-Spaziergang: Lernt Mogli und Balu kennen, streichelt ihr weiches Fell und spaziert mit ihnen an der Leine \u00fcber die Weide\ud83e\udd99<\/p>\n\n\n\n<p>\u2022 Streichelzoo: Lasst euch von unseren zahmen Tieren verzaubern, f\u00fcttert und streichelt unsere Zwergschafe und Alpakas \ud83d\udc11<\/p>\n\n\n\n<p>\u2022 Waldwerkstatt: Erkennt die Pflanzen und Tiere des Waldes, lernt Spuren lesen, legt Kunstwerke und grillt Steckerlbrot am Spie\u00df \ud83c\udf33<\/p>\n\n\n\n<p>\u2022 FarmWorkOut: Helft mit beim Ausmisten des Stalls, beim Verteilen des Strohs und beim F\u00fcllen der Tr\u00e4nken und Raufen  \ud83d\udc0f<\/p>\n\n\n\n<p>\u2022 Bee-Watching: Werft einen Blick in einen Bienenstock, kostet HimmelsHofHonig und erfahrt Wissenswertes \u00fcber unsere emsigen Best\u00e4uberinnen <\/p>\n\n\n\n<p><br>\ud83d\udcde <strong>0664\/9131399<\/strong> oder \ud83d\udcbb <strong>matthiashimmelshof@gmail.com<\/strong><\/p>\n\n\n\n<p><img loading=\"lazy\" decoding=\"async\" width=\"180\" height=\"240\" class=\"wp-image-184\" style=\"width: 180px;\" src=\"https:\/\/www.himmelshof.at\/wp-content\/uploads\/2021\/11\/1FDC9B0C-41EC-4A72-9636-058D91C2D429-scaled.jpeg\" alt=\"\" srcset=\"https:\/\/www.himmelshof.at\/wp-content\/uploads\/2021\/11\/1FDC9B0C-41EC-4A72-9636-058D91C2D429-scaled.jpeg 1920w, https:\/\/www.himmelshof.at\/wp-content\/uploads\/2021\/11\/1FDC9B0C-41EC-4A72-9636-058D91C2D429-225x300.jpeg 225w, https:\/\/www.himmelshof.at\/wp-content\/uploads\/2021\/11\/1FDC9B0C-41EC-4A72-9636-058D91C2D429-768x1024.jpeg 768w, https:\/\/www.himmelshof.at\/wp-content\/uploads\/2021\/11\/1FDC9B0C-41EC-4A72-9636-058D91C2D429-1152x1536.jpeg 1152w, https:\/\/www.himmelshof.at\/wp-content\/uploads\/2021\/11\/1FDC9B0C-41EC-4A72-9636-058D91C2D429-1536x2048.jpeg 1536w, https:\/\/www.himmelshof.at\/wp-content\/uploads\/2021\/11\/1FDC9B0C-41EC-4A72-9636-058D91C2D429-1568x2091.jpeg 1568w\" sizes=\"auto, (max-width: 180px) 100vw, 180px\" \/>   <img loading=\"lazy\" decoding=\"async\" width=\"180\" height=\"240\" class=\"wp-image-466\" style=\"width: 180px;\" src=\"https:\/\/www.himmelshof.at\/wp-content\/uploads\/2022\/07\/B1152506-EB38-415C-AA91-A2F121B9211B.jpeg\" alt=\"\" srcset=\"https:\/\/www.himmelshof.at\/wp-content\/uploads\/2022\/07\/B1152506-EB38-415C-AA91-A2F121B9211B.jpeg 1536w, https:\/\/www.himmelshof.at\/wp-content\/uploads\/2022\/07\/B1152506-EB38-415C-AA91-A2F121B9211B-225x300.jpeg 225w, https:\/\/www.himmelshof.at\/wp-content\/uploads\/2022\/07\/B1152506-EB38-415C-AA91-A2F121B9211B-768x1024.jpeg 768w, https:\/\/www.himmelshof.at\/wp-content\/uploads\/2022\/07\/B1152506-EB38-415C-AA91-A2F121B9211B-1152x1536.jpeg 1152w\" sizes=\"auto, (max-width: 180px) 100vw, 180px\" \/>    <img loading=\"lazy\" decoding=\"async\" width=\"180\" height=\"240\" class=\"wp-image-523\" style=\"width: 180px;\" src=\"https:\/\/www.himmelshof.at\/wp-content\/uploads\/2022\/11\/0A791C9B-B90D-44DB-B619-A3C1E9890CCB.jpeg\" alt=\"\" srcset=\"https:\/\/www.himmelshof.at\/wp-content\/uploads\/2022\/11\/0A791C9B-B90D-44DB-B619-A3C1E9890CCB.jpeg 768w, https:\/\/www.himmelshof.at\/wp-content\/uploads\/2022\/11\/0A791C9B-B90D-44DB-B619-A3C1E9890CCB-225x300.jpeg 225w\" sizes=\"auto, (max-width: 180px) 100vw, 180px\" \/><\/p>\n\n\n\n<p> <br><strong>HimmlischKLASSE Zeit <\/strong>\ud83e\uddd1\u200d\ud83c\udf93\ud83d\udc0f<\/p>\n\n\n\n<p>\u2022 Erlebt mit eurer Klasse oder Kindergarten-\/ Hortgruppe sch\u00f6ne Stunden mit unseren Alpakas und Schafen und sammelt wertvolles Wissen \u00fcber diese Tiere \ud83e\udd99 <\/p>\n\n\n\n<p>\u2022 Nehmt Mogli und Balu an die Leine, f\u00fcttert die zahmen Schafe und streichelt unsere wolligen Kuschelmonster Batman &amp; friends \ud83d\udc0f<\/p>\n\n\n\n<p>\u2022 Erfahrt Wissenswertes \u00fcber die Honigbiene, werft einen genauen Blick auf unsere emsigen Best\u00e4uberinnen und kostet HimmelsHofHonig \ud83d\udc1d<\/p>\n\n\n\n<p>\u2022 Walderlebnis &#8211; Waldp\u00e4dagogik im Natur-Klassenzimmer: Erlebt und refklektiert den achtsamen Umgang mit der Natur und ihren Lebewesen, erkennt Pflanzen und B\u00e4ume des Waldes, lest Tierspuren und grillt Steckerlbrot am selbst geschnitzten Holzspie\u00df \ud83d\udd25<\/p>\n\n\n\n<p><br> \ud83d\udcde <strong>0664\/9131399 <\/strong> oder \ud83d\udcbb <strong>matthiashimmelshof<\/strong>@<strong>gmail.com<\/strong><\/p>\n\n\n\n<p><img loading=\"lazy\" decoding=\"async\" width=\"340\" height=\"333\" class=\"wp-image-417\" style=\"width: 340px;\" src=\"https:\/\/www.himmelshof.at\/wp-content\/uploads\/2022\/05\/1DBE3383-A04C-4EA5-9C41-A0AF96631CE6.jpeg\" alt=\"\" srcset=\"https:\/\/www.himmelshof.at\/wp-content\/uploads\/2022\/05\/1DBE3383-A04C-4EA5-9C41-A0AF96631CE6.jpeg 2048w, https:\/\/www.himmelshof.at\/wp-content\/uploads\/2022\/05\/1DBE3383-A04C-4EA5-9C41-A0AF96631CE6-300x294.jpeg 300w, https:\/\/www.himmelshof.at\/wp-content\/uploads\/2022\/05\/1DBE3383-A04C-4EA5-9C41-A0AF96631CE6-1024x1004.jpeg 1024w, https:\/\/www.himmelshof.at\/wp-content\/uploads\/2022\/05\/1DBE3383-A04C-4EA5-9C41-A0AF96631CE6-768x753.jpeg 768w, https:\/\/www.himmelshof.at\/wp-content\/uploads\/2022\/05\/1DBE3383-A04C-4EA5-9C41-A0AF96631CE6-1536x1505.jpeg 1536w, https:\/\/www.himmelshof.at\/wp-content\/uploads\/2022\/05\/1DBE3383-A04C-4EA5-9C41-A0AF96631CE6-1568x1537.jpeg 1568w\" sizes=\"auto, (max-width: 340px) 100vw, 340px\" \/>   <img loading=\"lazy\" decoding=\"async\" width=\"250\" height=\"333\" class=\"wp-image-623\" style=\"width: 250px;\" src=\"https:\/\/www.himmelshof.at\/wp-content\/uploads\/2023\/08\/4E137932-A4B1-413F-9BEC-F23FB17B2DFB.jpeg\" alt=\"\" srcset=\"https:\/\/www.himmelshof.at\/wp-content\/uploads\/2023\/08\/4E137932-A4B1-413F-9BEC-F23FB17B2DFB.jpeg 1327w, https:\/\/www.himmelshof.at\/wp-content\/uploads\/2023\/08\/4E137932-A4B1-413F-9BEC-F23FB17B2DFB-225x300.jpeg 225w, https:\/\/www.himmelshof.at\/wp-content\/uploads\/2023\/08\/4E137932-A4B1-413F-9BEC-F23FB17B2DFB-768x1024.jpeg 768w, https:\/\/www.himmelshof.at\/wp-content\/uploads\/2023\/08\/4E137932-A4B1-413F-9BEC-F23FB17B2DFB-1152x1536.jpeg 1152w\" sizes=\"auto, (max-width: 250px) 100vw, 250px\" \/>    <br><\/p>\n\n\n\n<p><img loading=\"lazy\" decoding=\"async\" width=\"500\" height=\"375\" class=\"wp-image-506\" style=\"width: 500px;\" src=\"https:\/\/www.himmelshof.at\/wp-content\/uploads\/2022\/10\/30F8BB84-4719-41C8-A37B-AEBAC76A64F7-scaled.jpeg\" alt=\"\" srcset=\"https:\/\/www.himmelshof.at\/wp-content\/uploads\/2022\/10\/30F8BB84-4719-41C8-A37B-AEBAC76A64F7-scaled.jpeg 2560w, https:\/\/www.himmelshof.at\/wp-content\/uploads\/2022\/10\/30F8BB84-4719-41C8-A37B-AEBAC76A64F7-300x225.jpeg 300w, https:\/\/www.himmelshof.at\/wp-content\/uploads\/2022\/10\/30F8BB84-4719-41C8-A37B-AEBAC76A64F7-1024x768.jpeg 1024w, https:\/\/www.himmelshof.at\/wp-content\/uploads\/2022\/10\/30F8BB84-4719-41C8-A37B-AEBAC76A64F7-768x576.jpeg 768w, https:\/\/www.himmelshof.at\/wp-content\/uploads\/2022\/10\/30F8BB84-4719-41C8-A37B-AEBAC76A64F7-1536x1152.jpeg 1536w, https:\/\/www.himmelshof.at\/wp-content\/uploads\/2022\/10\/30F8BB84-4719-41C8-A37B-AEBAC76A64F7-2048x1536.jpeg 2048w, https:\/\/www.himmelshof.at\/wp-content\/uploads\/2022\/10\/30F8BB84-4719-41C8-A37B-AEBAC76A64F7-1568x1176.jpeg 1568w\" sizes=\"auto, (max-width: 500px) 100vw, 500px\" \/><br><br><strong>Himmlischer Teamgeist  <\/strong>\ud83d\ude4b\u200d\u2642\ufe0f\ud83d\udd0b<\/p>\n\n\n\n<p>\u2022 Betriebsausflug zum Himmelshof: St\u00e4rken Sie den Teamgeist Ihrer Mitarbeiter und verbessern Sie Ihr Betriebsklima beim Spaziergang mit unseren Therapietieren auf unserem Kraftfeld Himmelshof \ud83e\udd99\ud83c\udf33<\/p>\n\n\n\n<p>\u2022 Digital Detox: Verbringen Sie wertvolle Offline Time mit Ihren Mitarbeitern in freier Natur neben Alpakas und Schafen unter Kraft spendenden Baumriesen und und grillen Sie gemeinsam am Lagerfeuer Steckerlbrot &amp; Co am selbst geschnitzten Spie\u00df \ud83d\udd25\ud83d\udcf5<\/p>\n\n\n\n<p>\u2022 Mit eurem Beitrag tut ihr auch jenen etwas Gutes, die unseren Hof als Ort des stillen Gl\u00fccks unentgeltlich besuchen kommen und hier ein paar sch\u00f6ne Stunden abseits von Kummer und Sorgen verbringen k\u00f6nnen \ud83d\ude4f\ud83d\udc11<br> <br> \ud83d\udcde <strong>0664\/9131399 <\/strong> oder \ud83d\udcbb <strong>matthiashimmelshof@gmail.com<\/strong><\/p>\n\n\n\n<p><img loading=\"lazy\" decoding=\"async\" width=\"200\" height=\"150\" class=\"wp-image-220\" style=\"width: 200px;\" src=\"https:\/\/www.himmelshof.at\/wp-content\/uploads\/2021\/11\/0BD9C9F8-4EDB-40CD-B857-B1D24505EE5A.jpeg\" alt=\"\" srcset=\"https:\/\/www.himmelshof.at\/wp-content\/uploads\/2021\/11\/0BD9C9F8-4EDB-40CD-B857-B1D24505EE5A.jpeg 2048w, https:\/\/www.himmelshof.at\/wp-content\/uploads\/2021\/11\/0BD9C9F8-4EDB-40CD-B857-B1D24505EE5A-300x225.jpeg 300w, https:\/\/www.himmelshof.at\/wp-content\/uploads\/2021\/11\/0BD9C9F8-4EDB-40CD-B857-B1D24505EE5A-1024x768.jpeg 1024w, https:\/\/www.himmelshof.at\/wp-content\/uploads\/2021\/11\/0BD9C9F8-4EDB-40CD-B857-B1D24505EE5A-768x576.jpeg 768w, https:\/\/www.himmelshof.at\/wp-content\/uploads\/2021\/11\/0BD9C9F8-4EDB-40CD-B857-B1D24505EE5A-1536x1152.jpeg 1536w, https:\/\/www.himmelshof.at\/wp-content\/uploads\/2021\/11\/0BD9C9F8-4EDB-40CD-B857-B1D24505EE5A-1568x1176.jpeg 1568w\" sizes=\"auto, (max-width: 200px) 100vw, 200px\" \/> <img loading=\"lazy\" decoding=\"async\" width=\"200\" height=\"150\" class=\"wp-image-622\" style=\"width: 200px;\" src=\"https:\/\/www.himmelshof.at\/wp-content\/uploads\/2023\/08\/11221BF3-7E38-47E5-901E-CF930105E5ED-scaled.jpeg\" alt=\"\" srcset=\"https:\/\/www.himmelshof.at\/wp-content\/uploads\/2023\/08\/11221BF3-7E38-47E5-901E-CF930105E5ED-scaled.jpeg 2560w, https:\/\/www.himmelshof.at\/wp-content\/uploads\/2023\/08\/11221BF3-7E38-47E5-901E-CF930105E5ED-300x225.jpeg 300w, https:\/\/www.himmelshof.at\/wp-content\/uploads\/2023\/08\/11221BF3-7E38-47E5-901E-CF930105E5ED-1024x768.jpeg 1024w, https:\/\/www.himmelshof.at\/wp-content\/uploads\/2023\/08\/11221BF3-7E38-47E5-901E-CF930105E5ED-768x576.jpeg 768w, https:\/\/www.himmelshof.at\/wp-content\/uploads\/2023\/08\/11221BF3-7E38-47E5-901E-CF930105E5ED-1536x1152.jpeg 1536w, https:\/\/www.himmelshof.at\/wp-content\/uploads\/2023\/08\/11221BF3-7E38-47E5-901E-CF930105E5ED-2048x1536.jpeg 2048w, https:\/\/www.himmelshof.at\/wp-content\/uploads\/2023\/08\/11221BF3-7E38-47E5-901E-CF930105E5ED-1568x1176.jpeg 1568w\" sizes=\"auto, (max-width: 200px) 100vw, 200px\" \/> <img loading=\"lazy\" decoding=\"async\" width=\"200\" height=\"150\" class=\"wp-image-342\" style=\"width: 200px;\" src=\"https:\/\/www.himmelshof.at\/wp-content\/uploads\/2021\/11\/636921C4-FC22-4B94-AC37-3E67890BC45C-scaled.jpeg\" alt=\"\" srcset=\"https:\/\/www.himmelshof.at\/wp-content\/uploads\/2021\/11\/636921C4-FC22-4B94-AC37-3E67890BC45C-scaled.jpeg 2560w, https:\/\/www.himmelshof.at\/wp-content\/uploads\/2021\/11\/636921C4-FC22-4B94-AC37-3E67890BC45C-300x225.jpeg 300w, https:\/\/www.himmelshof.at\/wp-content\/uploads\/2021\/11\/636921C4-FC22-4B94-AC37-3E67890BC45C-1024x768.jpeg 1024w, https:\/\/www.himmelshof.at\/wp-content\/uploads\/2021\/11\/636921C4-FC22-4B94-AC37-3E67890BC45C-768x576.jpeg 768w, https:\/\/www.himmelshof.at\/wp-content\/uploads\/2021\/11\/636921C4-FC22-4B94-AC37-3E67890BC45C-1536x1152.jpeg 1536w, https:\/\/www.himmelshof.at\/wp-content\/uploads\/2021\/11\/636921C4-FC22-4B94-AC37-3E67890BC45C-2048x1536.jpeg 2048w, https:\/\/www.himmelshof.at\/wp-content\/uploads\/2021\/11\/636921C4-FC22-4B94-AC37-3E67890BC45C-1568x1176.jpeg 1568w\" sizes=\"auto, (max-width: 200px) 100vw, 200px\" \/><\/p>\n\n\n\n<p><\/p>\n","protected":false},"excerpt":{"rendered":"<p>Himmlische Auszeit mit Familie oder Freunden \ud83d\udc68\u200d\ud83d\udc67\ud83d\udc11 \u2022 Alpaka-Spaziergang: Lernt Mogli und Balu kennen, streichelt ihr weiches Fell und spaziert mit ihnen an der Leine \u00fcber die Weide\ud83e\udd99 \u2022 Streichelzoo: Lasst euch von unseren zahmen Tieren verzaubern, f\u00fcttert und streichelt unsere Zwergschafe und Alpakas \ud83d\udc11 \u2022 Waldwerkstatt: Erkennt die Pflanzen und Tiere des Waldes, lernt&hellip; <a class=\"more-link\" href=\"https:\/\/www.himmelshof.at\/?page_id=46\"><span class=\"screen-reader-text\">Du am Himmelshof<\/span> weiterlesen<\/a><\/p>\n","protected":false},"author":1,"featured_media":0,"parent":0,"menu_order":0,"comment_status":"closed","ping_status":"closed","template":"","meta":{"footnotes":""},"class_list":["post-46","page","type-page","status-publish","hentry","entry"],"_links":{"self":[{"href":"https:\/\/www.himmelshof.at\/index.php?rest_route=\/wp\/v2\/pages\/46","targetHints":{"allow":["GET"]}}],"collection":[{"href":"https:\/\/www.himmelshof.at\/index.php?rest_route=\/wp\/v2\/pages"}],"about":[{"href":"https:\/\/www.himmelshof.at\/index.php?rest_route=\/wp\/v2\/types\/page"}],"author":[{"embeddable":true,"href":"https:\/\/www.himmelshof.at\/index.php?rest_route=\/wp\/v2\/users\/1"}],"replies":[{"embeddable":true,"href":"https:\/\/www.himmelshof.at\/index.php?rest_route=%2Fwp%2Fv2%2Fcomments&post=46"}],"version-history":[{"count":62,"href":"https:\/\/www.himmelshof.at\/index.php?rest_route=\/wp\/v2\/pages\/46\/revisions"}],"predecessor-version":[{"id":798,"href":"https:\/\/www.himmelshof.at\/index.php?rest_route=\/wp\/v2\/pages\/46\/revisions\/798"}],"wp:attachment":[{"href":"https:\/\/www.himmelshof.at\/index.php?rest_route=%2Fwp%2Fv2%2Fmedia&parent=46"}],"curies":[{"name":"wp","href":"https:\/\/api.w.org\/{rel}","templated":true}]}}